4).
53
Suppose 2*n = -2*b + 10, -b - n = -5*b + 10. Suppose b*q - 43 = 107. List the prime factors of q.
2, 5
Suppose 5*i + 18 = 4*s - 14, -i + 4 = 0. Let o be (s/2)/(14/28). Let w = -8 + o. List the prime factors of w.
5
Let l be 5 - (0 - (-2 + 0)). Let h be l*(-8)/(-28)*7. Suppose -h*m + 4*m + 38 = 0. What are the prime factors of m?
19
Let k be (2 - 5) + (156 - -1). Suppose 50 + k = 3*m. List the prime factors of m.
2, 17
Let w(g) = g - 3. Let o be w(6). Suppose -k + 4*x - 56 = -o*k, 0 = -4*k - 4*x + 108. What are the prime factors of k?
2, 13
Suppose 4*z - 908 = 5*v, -2*z + 709 - 241 = v. List the prime factors of z.
2, 29
Let y = -10 - -14. Suppose -8*p + 324 = y*g - 4*p, -3*p + 401 = 5*g. List the prime factors of g.
79
What are the prime factors of (-161937)/(-95) - 3/5?
2, 3, 71
Suppose -v - 4*s + 22 = 0, -3*v - 3*s + 6 = -6*s. What are the prime factors of (-3 + 15/10)/(v/(-1280))?
2, 5
Suppose -6*p + 10*p - 222 = -2*h, -3*h = 2*p - 349. What are the prime factors of h?
7, 17
Let v be 29/2 + 1/2. Suppose -3*w + 0*w = v. Let j = 5 - w. What are the prime factors of j?
2, 5
Let p = 1877 + 471. List the prime factors of p.
2, 587
Let d = -1481 - -1559. List the prime factors of d.
2, 3, 13
Let v = -28 + 54. List the prime factors of 11/(3/(v - 2)).
2, 11
Suppose 196 = 11*l - 9*l. Let x = 166 - l. List the prime factors of x.
2, 17
Let c be ((-118)/3)/((-16)/24). Suppose -7*q - 146 + 762 = 0. Let h = q - c. List the prime factors of h.
29
Let g be 1 + (8 + -2)/3. Let q(w) = w**3 - 2*w**2 - w + 6. What are the prime factors of q(g)?
2, 3
Suppose -1860 = -11*y + 4630. List the prime factors of y.
2, 5, 59
Let w(s) = s**2 + 5*s - 3. Let j be w(-6). Suppose -16 = -j*a - a. Let r = a - 2. List the prime factors of r.
2
Suppose -30*p + 14413 + 9887 = 0. List the prime factors of p.
2, 3, 5
What are the prime factors of ((-624)/(-90)*-6)/(2/(-25))?
2, 5, 13
Let f(c) = c**3 + 6*c**2 + 2*c - 11. Let d be f(-5). Suppose -x - 210 = -d*x. List the prime factors of x.
2, 5, 7
Let a(q) = 1 + 167*q**2 - 164*q**2 - q + 4*q. What are the prime factors of a(4)?
61
Let m(x) = -x**3 - 6*x**2 + 7*x - 1. Let l be m(-7). Let q(w) = -8*w - 1. Let g be q(l). Suppose g*j + 16 = 8*j. What are the prime factors of j?
2
Suppose u + 5*k = 261, 10*k = -4*u + 7*k + 1129. What are the prime factors of u?
2, 11, 13
Suppose 0 = v - 2*d - 1299 + 246, -d + 2 = 0. What are the prime factors of v?
7, 151
Suppose 2*q + 930 = 7*q. Let r = q - 132. List the prime factors of r.
2, 3
Let i(g) = 16*g**2 - 33*g + 4. List the prime factors of i(8).
2, 191
Let z be 0 + 2/(-10) - 1586/(-305). Suppose -z*c + 5 = b - 100, 5*b = -5*c + 465. List the prime factors of b.
2, 3, 5
Let x(z) = 4*z**2 - 15*z + 105. List the prime factors of x(10).
5, 71
Suppose -60*y + 10206 = -39*y. List the prime factors of y.
2, 3
Suppose -13*f = 5*f - 18720. What are the prime factors of f?
2, 5, 13
Suppose -25 = 5*b, 5*b = 4*a - 0*b - 37. Suppose -2*r = 1 + a. List the prime factors of (-1998)/(-99) + r/11.
2, 5
Suppose -3*n - 15 - 6 = -3*m, 0 = 2*m + n - 2. Suppose -3*w - 4*x + 45 = 0, -4*w + 10 = -m*w + 3*x. List the prime factors of w.
19
Let x(d) = d**2 - 6*d + 7. Let s = 3 - -2. Let m be x(s). Suppose -l - m*i + 23 + 5 = 0, i + 112 = 3*l. List the prime factors of l.
2, 3
List the prime factors of (-87)/145 - 11798/(-5).
7, 337
Let h(d) = -16 + d**3 + 4*d**2 - 16*d**2 + 3*d**3 - 5*d**3 - 11*d. Let r be h(-11). Let o = r + 31. What are the prime factors of o?
3, 5
Suppose -d + 30 = 4*d. Suppose 4*z - 5*n - 1136 = 0, 0 = -4*z - 2*n + d*n + 1132. List the prime factors of z.
3, 31
Let j(l) = -l - 24. Let p(g) = -1. Let a(m) = j(m) - 4*p(m). Let x be a(-14). Let r(y) = y**3 + 8*y**2 + 4*y - 2. What are the prime factors of r(x)?
2, 23
Let y(i) = -4*i**2 - 35*i + 1. What are the prime factors of y(-4)?
7, 11
Suppose -3*o + 129 = -3*k, 20 = -3*o - o. Let b = k + 78. Suppose w + 2*r - b = -3*w, 4*r = 4*w - 36. List the prime factors of w.
2
Suppose 4*j = 846 + 6302. List the prime factors of j.
1787
Let x(r) = -r**3 - 3*r**2 - 9*r - 7. Let b be x(-3). Suppose -t + 3*f = t - b, -f = 0. What are the prime factors of t?
2, 5
Let n(s) = -1162*s + 22. List the prime factors of n(-2).
2, 3, 17, 23
Suppose -5*w + 13 = -12. Suppose -3*i - 57 = -2*m, -i - w = -0. Let s = m - 7. What are the prime factors of s?
2, 7
Let q = 448 - 284. List the prime factors of q.
2, 41
Let u(q) = -14 + 7 - 6 - 3*q. Let l(a) = -a**3 - 5*a**2 + 9*a + 6. Let j be l(-6). List the prime factors of u(j).
23
Suppose j + 2*m = m, 4*j = -2*m. What are the prime factors of (j - -3) + 204 + -19?
2, 47
Let v(u) = -u**2 + 5. Let a be v(0). Suppose 7*i - 148 = a*i. What are the prime factors of i?
2, 37
Suppose 12*h - 7*h - 3997 = -3*y, h = -3*y + 4013. List the prime factors of y.
13, 103
Let v(w) = w**2 - 9*w + 2. Let b be v(4). Let q = -8 - b. Suppose 3*u = 50 + q. List the prime factors of u.
2, 5
Suppose 0 = -5*b - 2*g + 12975, -3*b + 18*g - 20*g + 7789 = 0. List the prime factors of b.
2593
Let j = -27 + 32. Suppose -3*q - 5*a = -4*q + 37, 0 = -3*q + j*a + 161. List the prime factors of q.
2, 31
Let x(h) = -h**3 - 5*h**2 + 4*h + 1 - 25*h + 10*h. What are the prime factors of x(-7)?
2, 11
Let i = -432 + 267. Let o = -93 - i. What are the prime factors of o?
2, 3
Suppose 216 = -l + 15. Let y = l - -313. What are the prime factors of y?
2, 7
Let r(a) = 1081*a + 26. List the prime factors of r(1).
3, 41
Let z = 5 - -2. Suppose 0*p + z = g + 2*p, 0 = -g + 3*p + 2. Suppose -32 = -4*w + k + 2*k, 5*w - 45 = g*k. List the prime factors of w.
5
Let t(n) = -n**3 + 17*n**2 + 10*n + 6. Let f be t(12). Suppose f + 124 = 10*p. What are the prime factors of p?
97
Let m(a) = a**2 + 2*a - 1. Let j be m(-3). Suppose 2*l + j*s - 2 = 0, 0*l + 3*l + 4*s = 1. Suppose 0 = -2*u - l*u + 10. List the prime factors of u.
2
Let u(p) = 5053*p**2 - 4*p - 3. List the prime factors of u(-1).
2, 7, 19
Let p(a) = 13*a**3 - 9*a**2 - 65*a + 4. Let t(x) = 3*x**3 - 2*x**2 - 16*x + 1. Let f(w) = -2*p(w) + 9*t(w). List the prime factors of f(6).
7, 19
Let v(z) = -5*z**2 + 20*z + 12. Let t(k) be the first derivative of k**3/3 + k + 3. Let d(m) = 6*t(m) + v(m). List the prime factors of d(-20).
2, 3
Let p(f) = -1 + 2*f - f + f**2 + 2. Let q be (-3 - -1) + 3 + 4. What are the prime factors of p(q)?
31
Let m = 6381 - 1833. What are the prime factors of m?
2, 3, 379
Let p be ((-2)/4)/(2/(-12)). Suppose 21 - 54 = -p*b. Let i(d) = 4*d - 14. What are the prime factors of i(b)?
2, 3, 5
Let w(g) = g**3 - 4*g**2 + 4*g - 12. Let i be w(4). Suppose 0 = -3*x + i*y + 385 - 34, 5*x - 553 = -4*y. What are the prime factors of x?
113
List the prime factors of 689 - ((-76)/(-28) + (-10)/(-35)).
2, 7
Suppose -f + 4*f - 9 = 0. Let j be 1/2*2*105. Suppose 0 = 4*z - f - j. List the prime factors of z.
3
Let i(z) = -3*z - 8. Let w be i(-4). Suppose 4*d + 28 = 5*v, -4*v + 5*v = 2*d + 8. Suppose 33 = 5*q + v*c, w*q - q = c + 13. What are the prime factors of q?
5
Suppose 3*g = -2*m + 1466, -18*m + 4*g = -16*m - 1494. What are the prime factors of m?
739
Let z(d) be the first derivative of 3*d + 8/3*d**3 + 2*d**2 - 1/4*d**4 - 7. What are the prime factors of z(8)?
5, 7
Let m be 7/49 + (-146)/(-7). Suppose 0 = 2*n - n - m. What are the prime factors of 2*(-15)/(-18)*n?
5, 7
Let u(o) = -o**3 + 25*o**2 + 8*o - 97. List the prime factors of u(25).
103
Let w be 0*3/(-3)*1 - -16. Suppose 20*t - 21*t + w = 0. List the prime factors of t.
2
Let l = 135 + -133. What are the prime factors of l?
2
Let j be -1 + 0/1 + 19. Let o = j + -15. Suppose 2*q - o*q = 2*m - 30, 3*m + 6 = 0. List the prime factors of q.
2, 17
Let k = 2 - 2. Suppose -4*y = -k*y - 220. What are the prime factors of y?
5, 11
Let n(c) = -c + 6. Suppose -2*b - 49 - 9 = 4*o, 3*b = -o - 2. What are the prime factors of n(o)?
23
Let b = -5 + 10. Let a be 1*-2 + 0 + (-1 - -6). Suppose -3*c + 2 = b*k - 0*k, 18 = 3*c - a*k. What are the prime factors of c?
2
Let p(z) = -3 + 6*z + 1 + 1. Let m be p(1). Suppose 5*f - 4*w + m = 4*f, -3*w + 2 = -f. What are the prime factors of f?
7
Let w be -3 + (-15)/(-2) + 5/10. Suppose -3*k + 267 = l, -54 = -5*k - w*l + 391. What are the prime factors of k?
89
Suppose v = -2*v + 9. Let s(m) be the third derivative of m**5/